5
What is the remainder when 30918 is divided by 644?
6
What is the remainder when 69056 is divided by 5?
1
Calculate the remainder when 24593 is divided by 912.
881
What is the remainder when 39251 is divided by 112?
51
Calculate the remainder when 22903 is divided by 3814.
19
What is the remainder when 2252 is divided by 187?
8
Calculate the remainder when 84253 is divided by 12.
1
Calculate the remainder when 7052 is divided by 356.
288
What is the remainder when 84193 is divided by 1238?
9
What is the remainder when 2834 is divided by 931?
41
Calculate the remainder when 7697 is divided by 3761.
175
What is the remainder when 7994 is divided by 333?
2
What is the remainder when 7390 is divided by 404?
118
Calculate the remainder when 1656 is divided by 705.
246
What is the remainder when 1039 is divided by 134?
101
Calculate the remainder when 6896 is divided by 3191.
514
Calculate the remainder when 176396 is divided by 42.
38
Calculate the remainder when 32666 is divided by 582.
74
What is the remainder when 3012 is divided by 98?
72
Calculate the remainder when 2099 is divided by 147.
41
Calculate the remainder when 6059 is divided by 379.
374
What is the remainder when 23517 is divided by 538?
383
Calculate the remainder when 35405 is divided by 131.
35
Calculate the remainder when 19580 is divided by 249.
158
What is the remainder when 817 is divided by 272?
1
What is the remainder when 14669 is divided by 582?
119
What is the remainder when 35705 is divided by 11?
10
What is the remainder when 22165 is divided by 112?
101
Calculate the remainder when 464625 is divided by 298.
43
What is the remainder when 15363 is divided by 548?
19
Calculate the remainder when 1212820 is divided by 354.
16
What is the remainder when 21071 is divided by 218?
143
Calculate the remainder when 65285 is divided by 7.
3
What is the remainder when 87562 is divided by 5146?
80
What is the remainder when 15522 is divided by 32?
2
What is the remainder when 507344 is divided by 18?
14
What is the remainder when 13206 is divided by 2387?
1271
What is the remainder when 9987 is divided by 1955?
212
Calculate the remainder when 642836 is divided by 79.
13
What is the remainder when 150425 is divided by 37606?
1
What is the remainder when 147038 is divided by 160?
158
Calculate the remainder when 144406 is divided by 33.
31
What is the remainder when 144337 is divided by 23?
12
Calculate the remainder when 4869 is divided by 180.
9
What is the remainder when 1429 is divided by 78?
25
Calculate the remainder when 63683 is divided by 31840.
3
What is the remainder when 53336 is divided by 63?
38
What is the remainder when 3420 is divided by 49?
39
Calculate the remainder when 8580 is divided by 217.
117
What is the remainder when 71090 is divided by 17?
13
What is the remainder when 24651 is divided by 160?
11
Calculate the remainder when 2469828 is divided by 55.
53
What is the remainder when 6307 is divided by 901?
0
Calculate the remainder when 1219 is divided by 319.
262
What is the remainder when 183230 is divided by 7328?
30
What is the remainder when 16023 is divided by 159?
123
What is the remainder when 245410 is divided by 24540?
10
What is the remainder when 816163 is divided by 34?
27
Calculate the remainder when 48706 is divided by 560.
546
What is the remainder when 25233 is divided by 207?
186
What is the remainder when 41180 is divided by 1328?
12
Calculate the remainder when 10222 is divided by 929.
3
What is the remainder when 12391 is divided by 32?
7
What is the remainder when 52950 is divided by 26252?
446
What is the remainder when 13914 is divided by 2198?
726
Calculate the remainder when 716 is divided by 219.
59
Calculate the remainder when 1238837 is divided by 5.
2
What is the remainder when 19005 is divided by 98?
91
Calculate the remainder when 35347 is divided by 29.
25
What is the remainder when 13287 is divided by 13282?
5
What is the remainder when 213209 is divided by 13?
9
Calculate the remainder when 308447 is divided by 8.
7
What is the remainder when 4628 is divided by 149?
9
Calculate the remainder when 34039 is divided by 26.
5
Calculate the remainder when 66520 is divided by 88.
80
What is the remainder when 58598 is divided by 111?
101
What is the remainder when 185745 is divided by 50?
45
Calculate the remainder when 13125 is divided by 162.
3
Calculate the remainder when 7061033 is divided by 1217.
1216
Calculate the remainder when 21027 is divided by 57.
51
Calculate the remainder when 320012 is divided by 113.
109
Calculate the remainder when 4220 is divided by 88.
84
Calculate the remainder when 260874 is divided by 242.
240
What is the remainder when 6378 is divided by 1105?
853
Calculate the remainder when 7753 is divided by 154.
53
What is the remainder when 5008 is divided by 209?
201
What is the remainder when 242071 is divided by 421?
417
Calculate the remainder when 5495 is divided by 1373.
3
What is the remainder when 7323 is divided by 1794?
147
What is the remainder when 3636 is divided by 3389?
247
Calculate the remainder when 220 is divided by 157.
63
What is the remainder when 233664 is divided by 7?
4
Calculate the remainder when 50029 is divided by 6252.
13
Calculate the remainder when 13286 is divided by 27.
2
Calculate the remainder when 570611 is divided by 42.
41
Calculate the remainder when 72242 is divided by 38.
4
Calculate the remainder when 483847 is divided by 53.
10
Calculate the remainder when 9241 is divided by 152.
121
Calculate the remainder when 42996 is divided by 5350.
196
What is the remainder when 1151 is divided by 275?
51
Calculate the remainder when 5275 is divided by 535.
460
What is the remainder when 15787 is divided by 15769?
18
What is the remainder when 213322 is divided by 348?
346
What is the remainder when 8807 is divided by 82?
33
Calculate the remainder when 1309 is divided by 324.
13
Calculate the remainder when 1356 is divided by 128.
76
What is the remainder when 1962 is divided by 181?
152
Calculate the remainder when 640 is divided by 311.
18
What is the remainder when 13292 is divided by 1392?
764
What is the remainder when 11829 is divided by 35?
34
What is the remainder when 1007 is divided by 494?
19
Calculate the remainder when 12159 is divided by 45.
9
What is the remainder when 3753 is divided by 1867?
19
Calculate the remainder when 284565 is divided by 20323.
43
Calculate the remainder when 10855 is divided by 2422.
1167
Calculate the remainder when 14290 is divided by 168.
10
What is the remainder when 49994 is divided by 81?
17
Calculate the remainder when 16652 is divided by 39.
38
What is the remainder when 6346 is divided by 69?
67
What is the remainder when 8957 is divided by 8900?
57
What is the remainder when 2572 is divided by 264?
196
Calculate the remainder when 18277 is divided by 21.
7
Calculate the remainder when 62892 is divided by 1702.
1620
What is the remainder when 120382 is divided by 855?
682
What is the remainder when 13339 is divided by 1115?
1074
What is the remainder when 271887 is divided by 38?
35
What is the remainder when 14477 is divided by 45?
32
What is the remainder when 1381 is divided by 101?
68
Calculate the remainder when 1113067 is divided by 44.
43
Calculate the remainder when 4277 is divided by 1042.
109
Calculate the remainder when 23535 is divided by 519.
180
What is the remainder when 6815 is divided by 2427?
1961
Calculate the remainder when 75717 is divided by 695.
657
What is the remainder when 495878 is divided by 980?
978
Calculate the remainder when 65917 is divided by 17.
8
Calculate the remainder when 32678 is divided by 363.
8
Calculate the remainder when 24505 is divided by 645.
640
Calculate the remainder when 3781 is divided by 464.
69
Calculate the remainder when 12413 is divided by 222.
203
Calculate the remainder when 15133 is divided by 582.
1
What is the remainder when 6503493 is divided by 143?
139
What is the remainder when 9259 is divided by 62?
21
What is the remainder when 3053 is divided by 758?
21
What is the remainder when 3832 is divided by 765?
7
Calculate the remainder when 43124 is divided by 23.
22
Calculate the remainder when 13456 is divided by 328.
8
Calculate the remainder whe